 the greatest common divisor of j and 1080.
120
Suppose f - 229 = -3*h, -66*h + 61*h = f - 235. What is the highest common factor of f and 240?
20
Let x(s) = -s**3 + 50*s**2 - 221*s + 16. Let j be x(8). Let t = -91 + 163. Calculate the highest common divisor of j and t.
72
Suppose -26*x + 27*x - 33 = -2*y, -3*y + 3*x + 27 = 0. What is the greatest common factor of y and 1526?
14
Suppose -35 = -2*y + 41. Let q = -22 + y. What is the highest common divisor of 304 and q?
16
Let x(h) = -h**3 - 14*h**2 + 55*h + 108. Let a be x(-17). Calculate the greatest common factor of a and 5.
5
Suppose 0 = 453*o + 208*o + 248*o - 89991. Suppose 4*k = -w + 6*w + 19, -4 = k - 3*w. Calculate the greatest common factor of k and o.
11
Let m(u) = u**3 - u**2 + u - 23. Let n be m(0). Let q be n/(-7) + 4/(-14) - 30. Let w = q + 29. Calculate the highest common factor of w and 6.
2
Let d = -3146 + 3241. Let w(o) = 25*o + 1. Let a be w(3). What is the highest common divisor of a and d?
19
Let x(t) = -31*t + 80. Let o(q) = 48*q - 121. Let s(l) = 5*o(l) + 8*x(l). Let w be s(-3). Calculate the highest common divisor of 1 and w.
1
Suppose -5*j = 2*l - 207, 3*l + j - 4*j = 279. Suppose l*z = 82*z + 1932. What is the highest common factor of z and 12?
6
Suppose 0*t + 4*t = 48. Suppose 5*d - 11*r - 4585 = -7*r, -2*r + 917 = d. Let k = 1013 - d. What is the highest common factor of t and k?
12
Let a = 537 - 534. Suppose -i = -u + 39 + 320, -a*u + i + 1087 = 0. Calculate the highest common divisor of 13 and u.
13
Let w = 1743 + -1123. Calculate the greatest common factor of 370 and w.
10
Let g(p) = 4*p**2 + 14*p + 1. Let r be g(-7). Suppose 0*d = 9*d - r. Suppose 5*m + d = 116. What is the greatest common divisor of m and 3?
3
Suppose 10*j = -j - 1353. Let y = j + 130. Suppose 0 = y*n - 116 - 80. What is the highest common factor of 4 and n?
4
Suppose 1178 = 24*b + 38*b. Calculate the greatest common divisor of b and 1843.
19
Suppose -2*q + 6 = -62. Let u = 2438 - 2428. What is the greatest common divisor of q and u?
2
Let y = -412 + 508. Suppose 2*i = -0*i - 3*h + y, -h = -i + 48. Calculate the greatest common factor of 180 and i.
12
Suppose -7*q = -0*q - 42. Suppose 0 = -24*h + 27*h + q. Let a be 1/(1/h) - (-3)/1. Calculate the greatest common factor of a and 9.
1
Suppose y = -3*m + 128 + 92, 2*y + 374 = 5*m. Let c = m + -4. Calculate the highest common factor of 90 and c.
10
Suppose 0 = h + 3, 2*t + 39*h - 500 = 35*h. Calculate the highest common factor of t and 48.
16
Let b = 72 - 57. Suppose 5*i - b = 10. Suppose x = 3*x - 4*w, -11 = -3*x - i*w. What is the highest common divisor of x and 16?
2
Let h(m) = -3*m + 83. Let g be h(27). Let r(k) = 20*k**2 + 3*k - 4. Let x be r(g). Calculate the highest common divisor of x and 205.
41
Let t be ((-19)/2)/(3/(-6)). Let c = -113 + 92. Let j be (114/9)/((-2)/c). Calculate the greatest common factor of t and j.
19
Let w(n) = -n**3 + 5*n**2 + 37*n - 4. Let q be w(9). Suppose -q*u = -1912 + 37. What is the highest common divisor of 15 and u?
15
Suppose 2*n = 3*q + 51, n + 26*q - 8 = 30*q. What is the greatest common divisor of n and 5094?
18
Let g(y) = -4*y + 92. Let x be g(9). Suppose -16*v - x = -248. Calculate the greatest common divisor of v and 1164.
12
Suppose -168*j = 4*f - 166*j - 296, f - 5*j - 85 = 0. Let q(i) = 46*i**2 + 2*i + 5. Let o be q(3). Calculate the highest common divisor of f and o.
25
Suppose 3*n - 440 = 316. Suppose 3*g = 846 - n. Let l = 153 + -135. What is the highest common factor of g and l?
18
Let m(b) = -97*b - 426. Let l be m(-8). What is the greatest common divisor of 2225 and l?
25
Let j = 1382 - 1233. What is the greatest common divisor of 4 and j?
1
Let q(s) = s**3 + 3*s**2 - 78*s - 70. Let l be q(-10). What is the greatest common factor of 485 and l?
5
Suppose -122*g + 17665 - 4855 = 0. Calculate the greatest common divisor of g and 90.
15
Let n(b) = 4*b**3 + 5*b**2 + 16*b - 42. Let h be n(5). Calculate the highest common factor of h and 68.
17
Let m(h) = -2*h**3 - 76*h**2 + 76*h + 22. Let o be m(-39). Calculate the highest common factor of o and 590.
10
Let u(h) = -344*h - 754. Let x be u(-11). What is the highest common divisor of x and 30?
30
Let h = 6080 - 1512. Calculate the greatest common factor of h and 16.
8
Let v = -4411 + 4427. Calculate the highest common divisor of v and 15152.
16
Suppose 0*o = 3*o + 2*v - 148, 3*o - 2*v - 152 = 0. What is the highest common factor of 74 and o?
2
Let d = 92 - 47. Suppose 7*x + 5*o = 9*x - 15, 0 = o + 1. Suppose x - 6 = a + 2*m, -4*a = -5*m - 35. Calculate the highest common factor of a and d.
5
Let x(r) = 11*r**2 + 91*r + 34. Let v be x(-11). Calculate the highest common factor of v and 312.
52
Let h(o) = o**3 + 9*o**2 + 16*o - 10. Let g be h(-4). Let t(n) = 34*n + 12. Let f be t(9). What is the greatest common factor of f and g?
6
Suppose 3*p + 7*p - 119 = 11. What is the greatest common divisor of 4511 and p?
13
Let r be (-2 - 452)*1 + 1. Let s = 460 + r. Calculate the highest common divisor of s and 7.
7
Let v(j) = 81*j + 427. Let l be v(-5). Calculate the greatest common factor of l and 539.
11
Let h = 2339 + -2312. Let a be ((-332)/(-8))/(1/2). Let w = a + -47. What is the highest common divisor of w and h?
9
Let l = 856 - 855. What is the highest common factor of l and 167?
1
Suppose -3*w + 4*u + 192 = -680, -w + 5*u = -309. Calculate the highest common factor of 12 and w.
4
Suppose 5*m - 2 = -5*w + 98, 125 = 4*w - 5*m. Suppose -802*q = -775*q - 9450. What is the highest common divisor of q and w?
25
Let c = 27 - 7. Suppose 37*v - 340 = 32*v. Let b = 98 - v. What is the highest common factor of c and b?
10
Suppose 12*k - 173 = -53. Suppose 2*l = 4*c + 104, -2*c = 3*l - 0*c - 196. Suppose 2*d = l + 18. What is the greatest common divisor of d and k?
10
Let x be -10 - 109758/(-30) - (-2)/5. Calculate the greatest common divisor of 41 and x.
41
Let q = 2264 - 2030. Calculate the greatest common factor of 5733 and q.
117
Let q = -97 + 63. Let r be 1/((-2)/11 - q/66). Suppose 4 = -j + r, -4*j = 5*n - 721. Calculate the greatest common divisor of n and 58.
29
Let g be (-2)/(-6)*(-5 + -1 + 9). Let f(p) = -3 + 32*p - g - 16*p. Let a be f(3). What is the greatest common divisor of a and 33?
11
Let x be 35/((-45)/9) - -11. Calculate the highest common divisor of 466 and x.
2
Suppose 2*p + h - 703 = 0, 2*p - h - 487 = 214. What is the highest common factor of p and 1521?
117
Let l(r) = -r**3 + 13*r**2 - 7*r + 11. Let f be (-2)/(3 - 175/55). Let z be l(f). Let y = 83 + -67. Calculate the greatest common factor of y and z.
16
Let t(o) = -39*o**2 - 32 - 43*o**2 + 80*o**2 - 13*o. Let w be t(-6). Let q be 17/4 - w/(-104). Calculate the highest common factor of q and 76.
4
Let v(w) = 15*w**2 + 87*w - 11. Let q be v(-6). Calculate the greatest common factor of 9 and q.
1
Suppose -78*f = -3*o - 81*f + 147, f = 21*o - 1073. Let q be (-4)/18 - (-3370)/18. Calculate the greatest common divisor of q and o.
17
Let m = 40 + -39. Let g be (-3)/(-2)*(m - 2 - -235). What is the highest common factor of g and 13?
13
Suppose -4*h - 501 = -2*w + 37, w - 284 = -3*h. Let u be (-40096)/(-182) - 104/338. What is the highest common factor of u and w?
55
Let f = 125 - 122. Suppose 3 = f*v - 9. Calculate the highest common factor of 2 and v.
2
Suppose 0 = 88*w - 75*w + 4940. Let i = w + 458. What is the highest common divisor of i and 26?
26
Let m be (50118/(-11) - (-6)/33)/(264/(-132)). What is the highest common divisor of 68 and m?
34
Let r be 2/(-9) - (7 - (-16205)/(-63)). Suppose -50 = -4*k - 27*p + 32*p, 0 = -2*p - 4. What is the highest common divisor of r and k?
10
Let w(l) = 33*l - 27. Suppose -7 = -j - 10*o + 11*o, 5*j + 3*o + 5 = 0. Let n be w(j). Calculate the highest common factor of 78 and n.
39
Suppose -14*a = 17*a - 28*a - 8025. What is the highest common factor of 50 and a?
25
Suppose -5*y + 102 = -2*s + 3*s, -93 = -s - 2*y. Suppose 2*g + 6*g + 704 = 0. Let o be (-2585)/g - 9/24. Calculate the greatest common factor of s and o.
29
Suppose -7*x + 31*x = 38*x - 4774. What is the highest common factor of x and 31?
31
Let t = -1172 + 1237. Let o be 1024/10 - -2 - (-8)/(-20). Calculate the highest common divisor of t and o.
13
Let q = -57 + 57. Suppose -3 = -q*c + c. Let